{"id":52,"date":"2019-07-17T10:25:34","date_gmt":"2019-07-17T13:25:34","guid":{"rendered":"http:\/\/sistemas.segup.pa.gov.br\/transparencia\/?page_id=52"},"modified":"2019-07-18T15:38:18","modified_gmt":"2019-07-18T18:38:18","slug":"sobre","status":"publish","type":"page","link":"https:\/\/sistemas.segup.pa.gov.br\/transparencia\/sobre\/","title":{"rendered":"Sobre"},"content":{"rendered":"\r\n<p>A <strong>Secretaria de Seguran\u00e7a P\u00fablica e Defesa Social do Par\u00e1 &#8211; SEGUP\/PA<\/strong> disponibiliza informa\u00e7\u00f5es de interesse p\u00fablico referentes \u00e0s estat\u00edsticas dos principais crimes registrados no <strong>Sistema Integrado de Seguran\u00e7a P\u00fablica &#8211; SISP<\/strong> e outros assuntos de interesse da popula\u00e7\u00e3o.<\/p>\r\n<p>Este <strong>Portal da Transpar\u00eancia<\/strong> tem como objetivo assegurar o direito fundamental de acesso \u00e0 informa\u00e7\u00e3o relativo \u00e0s a\u00e7\u00f5es de Seguran\u00e7a P\u00fablica e Defesa Social do Par\u00e1 por parte dos cidad\u00e3os, garantindo a transpar\u00eancia nas a\u00e7\u00f5es desenvolvidas pela SEGUP e permitindo que a sociedade paraense contribua com os esfor\u00e7os do Governo do Estado do Par\u00e1 no enfrentamento do fen\u00f4meno da criminalidade.<\/p>\r\n<p>Os conhecimentos provenientes das estat\u00edsticas produzidas pela SEGUP se constituem em valiosa ferramenta para o planejamento e gerenciamento das a\u00e7\u00f5es voltadas \u00e0 redu\u00e7\u00e3o do crime, tanto de car\u00e1ter preventivo quanto reativo, permitindo a avalia\u00e7\u00e3o dos procedimentos e do emprego das for\u00e7as policiais, bem como proporcionando transpar\u00eancia ao p\u00fablico e aos \u00f3rg\u00e3os governamentais de supervis\u00e3o.<\/p>\r\n","protected":false},"excerpt":{"rendered":"<p>A Secretaria de Seguran\u00e7a P\u00fablica e Defesa Social do Par\u00e1 &#8211; SEGUP\/PA disponibiliza informa\u00e7\u00f5es de interesse p\u00fablico referentes \u00e0s estat\u00edsticas dos principais crimes registrados no Sistema Integrado de Seguran\u00e7a P\u00fablica&hellip;<\/p>\n","protected":false},"author":1,"featured_media":0,"parent":0,"menu_order":0,"comment_status":"closed","ping_status":"closed","template":"","meta":{"footnotes":""},"class_list":["post-52","page","type-page","status-publish","hentry"],"_links":{"self":[{"href":"https:\/\/sistemas.segup.pa.gov.br\/transparencia\/wp-json\/wp\/v2\/pages\/52","targetHints":{"allow":["GET"]}}],"collection":[{"href":"https:\/\/sistemas.segup.pa.gov.br\/transparencia\/wp-json\/wp\/v2\/pages"}],"about":[{"href":"https:\/\/sistemas.segup.pa.gov.br\/transparencia\/wp-json\/wp\/v2\/types\/page"}],"author":[{"embeddable":true,"href":"https:\/\/sistemas.segup.pa.gov.br\/transparencia\/wp-json\/wp\/v2\/users\/1"}],"replies":[{"embeddable":true,"href":"https:\/\/sistemas.segup.pa.gov.br\/transparencia\/wp-json\/wp\/v2\/comments?post=52"}],"version-history":[{"count":3,"href":"https:\/\/sistemas.segup.pa.gov.br\/transparencia\/wp-json\/wp\/v2\/pages\/52\/revisions"}],"predecessor-version":[{"id":124,"href":"https:\/\/sistemas.segup.pa.gov.br\/transparencia\/wp-json\/wp\/v2\/pages\/52\/revisions\/124"}],"wp:attachment":[{"href":"https:\/\/sistemas.segup.pa.gov.br\/transparencia\/wp-json\/wp\/v2\/media?parent=52"}],"curies":[{"name":"wp","href":"https:\/\/api.w.org\/{rel}","templated":true}]}}